. What is the hundreds digit of x?
1
Suppose -1366*u = -1356*u - 88160. What is the tens digit of u?
1
Let t(v) = v**2 - 18*v + 13. Let r = 112 - 115. Let y = r + 26. What is the units digit of t(y)?
8
Let k(g) = g**3 - 5*g**2 - 5*g + 3. Let r be k(6). Suppose -5*q - 4*n + 29 = 0, -4*q + n + r = -2*q. Let d(c) = 20*c - 10. What is the units digit of d(q)?
0
Let l = 34628 + -16211. What is the units digit of l?
7
Let h = -36778 - -59204. What is the hundreds digit of h?
4
Let a = 10077 - 4051. What is the tens digit of a?
2
Suppose -24 = -4*q + 4*v, -4*q + 6*v + 23 = 3*v. Suppose q*f = 7*f - 36. Suppose f + 36 = 2*r. What is the tens digit of r?
2
Let n(u) = 122*u**3 - 10*u**2 - 38*u + 247. What is the ten thousands digit of n(7)?
4
What is the ten thousands digit of 19/(1026/324720)*3?
1
Suppose 3*i = -x + 11, 5*i - 8 = -3*x + 13. Suppose -i*v = -q + 145, 0*q - v + 741 = 5*q. Suppose 0 = 7*y + 36 - q. What is the units digit of y?
6
Let v be (-55323)/(-135) - 2/(-10). Suppose -2*o + v = 3*h, 3*h = 2*h. What is the hundreds digit of o?
2
Let h(m) = -140*m**3 - 6*m**2 + 35*m + 147. What is the hundreds digit of h(-5)?
3
Suppose -4*o - j + 9509 = -11308, 26028 = 5*o - j. What is the units digit of o?
5
Let w(y) = -4*y**3 - 7*y**2 + 2*y - 1. Suppose -10*q + 12*q - 12 = 0. Let a(l) = l**3. Let r(i) = q*a(i) + w(i). What is the tens digit of r(5)?
8
Suppose -3*o = -n - 25698, 5*o = 4*n - 181 + 43025. What is the thousands digit of o?
8
Let a be (-287 - 0) + (6 + -7 - -2). Let c = a + 520. What is the hundreds digit of c?
2
Suppose 0 = 2*u - 3*i - 1, 4*i = 6*u - 2*u. What is the tens digit of 7 + -5 + u + 13*20?
6
Let w = 1409 - 772. Suppose w - 2496 = -13*d. What is the units digit of d?
3
Let k be ((-6)/3 - 0) + 3124. Suppose 40*u - 47*u + k = 0. What is the units digit of u?
6
Let c = 233 + -193. Suppose -2*o = o - 150. Suppose 5*m = o + c. What is the tens digit of m?
1
Let c(l) be the third derivative of -47*l**4/12 - 85*l**3/3 + 44*l**2 - 3. What is the tens digit of c(-23)?
9
Suppose -9*l = -14*l + 5*w + 307640, -184530 = -3*l - 3*w. What is the units digit of l?
9
Let v(z) = z**3 + 16*z**2 - 26*z - 22. Let c be v(-17). Suppose -2*f + 5*y = -23 - 224, -5*y = f - c. What is the units digit of f?
6
Suppose 22 = 5*o + 4*i, -2*o = -3*i + 4 - 22. Suppose -1486 = -o*a - 382. What is the hundreds digit of a?
1
Suppose 0 = -0*x + x + 4*x. Suppose x = 116*m - 119*m + 978. What is the units digit of m?
6
Suppose 10*f - 29192 = 9*f + 5*m, -4*f = -5*m - 116798. What is the ten thousands digit of f?
2
What is the tens digit of (-166359)/(-7) + -7*(-36)/(-441)?
6
Let v be (0 - (-18)/(-12))*160. What is the tens digit of 7/(28/v)*(-3 - -1)?
2
Let v be 10/35 - (-33)/7. Suppose -2 - 4 = t - 2*i, 4*i = -v*t + 40. Suppose 5*q = -5*n + 1320, t*n - 583 = -2*q + 471. What is the units digit of n?
3
Let t(f) = -1792*f - 118. Let i be t(-14). Suppose 12*v = 34*v - i. What is the hundreds digit of v?
1
Let k(b) = -b**3 - 3*b**2 + 2*b + 6. Let g be k(-3). Suppose 0*j - 5*j + 4*y + 264 = g, -160 = -3*j + 2*y. Let q = j + 109. What is the units digit of q?
5
Suppose -r + 73 = 3*q, -3*q + 0*r + 3*r = -69. What is the tens digit of (-6)/(-12) + 4/(q/237)?
4
Let m(l) = 3*l - 8. Suppose 6 + 12 = 9*b. Let s be (-20)/6*(-3)/b. What is the units digit of m(s)?
7
Let v be -5830 - 1 - (-25 - -24). What is the units digit of v/(-8) - (-35)/28?
0
Let i(l) = -l + 17. Let z be i(8). Suppose -n + z = 5. Suppose 152 = n*t + 52. What is the tens digit of t?
2
Let j be ((-3)/2)/((-2)/4). Suppose 3*v - 1443 = -4*l - 0*l, j*l - 1083 = -3*v. What is the tens digit of l?
6
Let w(y) = -274*y**3 + 11*y**2 + 34*y - 13. What is the tens digit of w(-4)?
6
Suppose -5*i = -2*m + 8, 5*m - 4*i + 7 = 10. Let u(d) = -437*d**3 - 1. What is the tens digit of u(m)?
3
Let y(j) = -3*j**2 + 13*j - 5. Let z be y(-7). Let p = -235 - -65. Let t = p - z. What is the tens digit of t?
7
Let p be (2 - 4)/((-4)/3662). Suppose 11*x = 7090 + p. What is the hundreds digit of x?
8
Let t be 4/((-555)/5400 + 1/8). Let d(v) = -v**2 + 4*v + 14. Let r be d(10). Let l = r + t. What is the tens digit of l?
3
Let u(q) = -948*q - 320. What is the tens digit of u(-8)?
6
Let b(g) = g - 3. Let t be b(1). Let n be (-4)/t + 14 + 2. What is the tens digit of 12/n + 91/3?
3
Let r(v) = -2*v + 6. Let n be r(1). Suppose -k = -n*a - 315, 2*a + 960 = 3*k + 5*a. What is the hundreds digit of k?
3
Suppose 0 = -414*i + 468*i - 2942946. What is the thousands digit of i?
4
Let h(o) = 3*o**3 - 36*o**2 + 8. Let v be h(12). Suppose v*y = 6*y + 270. What is the units digit of y?
5
Let i(k) = k**3 + 5*k + 10. Let x be i(0). Suppose 2 = -5*s + 17. What is the tens digit of x + s + 3/(-3)?
1
Let v(b) = 2*b**3 - 5*b**2 - b + 3. Let t be v(4). Let p = -408 - -441. Let a = t - p. What is the tens digit of a?
1
Let h(w) = -8*w - 48. Let y be h(-8). Suppose -5*r = 5*z - 4*r - y, -4 = r. What is the tens digit of 4/((-180)/(-88) + (-8)/z)?
8
What is the units digit of 9*(145670/21 + ((-8)/(-6))/(-1))?
8
Let l = 68 + -68. Suppose 3*d = 7*y - 4*y + 129, -2*d + 5*y + 83 = l. What is the tens digit of d?
4
Let l be 1/6 - (-255)/90. Suppose -4*i + 5*y + 19 = 0, -3*y - l = -2*y. Let x = i + 29. What is the units digit of x?
0
Let o be -3*((-1)/(-9))/(1/51). Let a(r) = -3*r - 3 - r + 57 + 3*r. What is the units digit of a(o)?
1
Let s(y) = 0*y - 3*y - y - 7*y + y**2. Suppose 0 = 2*u - 27 - 1. What is the units digit of s(u)?
2
Let m(b) = 16*b**2 + 30*b - 20. Let x(l) = -3*l**2 - 6*l + 4. Let f(z) = -2*m(z) - 11*x(z). Let w be f(-8). What is the tens digit of 2154/15 + w/(-20)?
4
Suppose n - 2*n + 4 = 0, 3*n + 6 = -3*m. Let a be (0 - m)*(-12)/(-36). Suppose -527 = -5*x - 3*y, a*x - 177 = -y + 34. What is the hundreds digit of x?
1
What is the tens digit of -14*(-4)/((-112)/(-714))?
5
Suppose 0 = 4*w, w - 192 = 4*o - o. Let b be 18*(3 + o/12). What is the hundreds digit of 1/(-7) + (-8280)/b?
1
Let s(i) = 409*i + 143. Let n(j) = -103*j - 36. Let t(g) = -9*n(g) - 2*s(g). What is the tens digit of t(5)?
8
Let m = 1926 + 399. What is the units digit of m?
5
Let t = 14721 + 4956. What is the hundreds digit of t?
6
Suppose 5*h - s = 15, 0*s - 5*s - 23 = h. Suppose -2*l = h*l - l. What is the tens digit of (-12 + l)*(-270)/40?
8
Suppose -5*x + 4 = 3*u, -2 = x - 1. Suppose -u*t + 13 + 38 = 0. Suppose -1773 = 8*a - t*a. What is the tens digit of a?
9
Let b = 9196 - 6331. What is the thousands digit of b?
2
Let t(c) = -110*c - 39*c + 18 - 122*c - 24*c. Let i be t(-6). What is the hundreds digit of ((-12)/(-6))/((-8)/i*-3)?
1
Suppose 19004 = 72*d - 71*d - 3*n, -4*d + 76106 = 3*n. What is the tens digit of d?
2
Let p(l) = 188 + 52 - 98 + 132*l. What is the tens digit of p(5)?
0
Let r = -50026 - -75884. What is the tens digit of r?
5
Let i(p) = 4*p**2 - 69*p - 495. What is the units digit of i(-6)?
3
Let d = 44377 - 26456. What is the ten thousands digit of d?
1
What is the tens digit of 0 + 20 + (-3976908)/(-148)?
9
Let s = 2088 - -4662. What is the thousands digit of s?
6
Suppose -4378 + 25969 = 9*a. What is the tens digit of a?
9
Let n = 9190 + 29346. What is the tens digit of n?
3
What is the tens digit of ((-98)/(-28))/((-6)/(144/(-14))) + 45059?
6
Suppose 104*f = 106*f - 7642. What is the thousands digit of f?
3
Suppose -4*m - 81*y + 134027 = -82*y, -167536 = -5*m + 2*y. What is the tens digit of m?
0
Let s be 41/5 - (66/30)/11. What is the hundreds digit of (-19803)/(-30) + s/(-80)?
6
Let q = -84 - 39. Let c = 128 + q. What is the units digit of c?
5
Suppose -4*v = 0, 0*h - h - 5*v + 1162 = 0. Suppose -4*n + h = -3*n. What is the hundreds digit of n?
1
Suppose 0 = -c - 28*w + 29*w + 17401, 0 = -4*c - 3*w + 69569. What is the units digit of c?
6
Let z be -6 - -8 - 14/2. Let d be (-13)/z + 0 - 18/30. Suppose d*a + 95 = 7*a. What is the units digit of a?
9
Suppose 16*z - 13*z - 51858 = -6*t, -4*z + 69155 = -3*t. What is the ten thousands digit of z?
1
Let b(z) = 94*z**2 + 269*z - 2809. What is the units digit of b(10)?
1
Let c(d) = d. Let p(s) = -s**2 + 23*s + 40. Let i(h) = 3*c(h) - p(h). Let k be 106/8*2 - 1469/(-2938). What is the tens digit of i(k)?
4
Suppose 0 = g - 6*l - 24352, -56010 = -2*g - 2*l - 7418. What is the ten thousands digit of g?
2
Let f(t) = -21*t + 2